{"id":11,"date":"2023-02-12T15:52:13","date_gmt":"2023-02-12T14:52:13","guid":{"rendered":"https:\/\/fabiennefaure.fr\/?page_id=11"},"modified":"2023-12-04T16:50:06","modified_gmt":"2023-12-04T15:50:06","slug":"fabienne-faure-psychologue-et-sophrologue-a-propos-de-moi","status":"publish","type":"page","link":"https:\/\/fabiennefaure.fr\/?page_id=11","title":{"rendered":"A propos de moi"},"content":{"rendered":"\n<p class=\"has-small-font-size\">C&rsquo;est avec le \u00ab\u00a0Malaise dans la civilisation\u00a0\u00bb que tout a commenc\u00e9. C&rsquo;est le nom d&rsquo;un petit livre de Freud que mon professeur de philosophie avait mis au programme de son cours de terminale. J&rsquo;ai donc 17 ans quand \u00ab\u00a0appara\u00eet\u00a0\u00bb ma \u00ab\u00a0vocation\u00a0\u00bb. Elle est n\u00e9e bien avant mais \u00e7a je ne le sais pas encore&#8230;  Ce qui est s\u00fbr c&rsquo;est qu&rsquo;\u00e0 ce moment-l\u00e0 le chemin devient comme tout trac\u00e9. Je commence mes \u00e9tudes \u00e0 Nantes et choisis de les finir \u00e0 Toulouse. Pourquoi Toulouse? Parce qu&rsquo;\u00e0 l&rsquo;\u00e9poque la psychanalyse y est largement enseign\u00e9e. Mais aussi parce que je suis passionn\u00e9e de Montagne et que j&rsquo;ai besoin de vivre plus pr\u00e8s des Pyr\u00e9n\u00e9es.<\/p>\n\n\n\n<p class=\"has-small-font-size\">En 1997,  je sors de l&rsquo;Universit\u00e9 avec un DESS (Master2) de Psychopathologie Clinique et j&rsquo;ai tout \u00e0 apprendre ! Je commence assez rapidement \u00e0 travailler dans le secteur de l\u2019addictologie \u00e0 Toulouse. Cette exp\u00e9rience va durer 23 ans. Durant ces ann\u00e9es j&rsquo;ai eu le privil\u00e8ge d&rsquo;accompagner des adultes, des adolescents, des parents, mais aussi des professionnels du <strong>soin<\/strong> et de la <strong>pr\u00e9vention.<\/strong><\/p>\n\n\n\n<blockquote class=\"wp-block-quote is-layout-flow wp-block-quote-is-layout-flow\">\n<p class=\"has-text-align-right has-small-font-size\"><em>Faites en sorte d&rsquo;accueillir chaque nouvelle personne comme si c&rsquo;\u00e9tait la premi\u00e8re fois et comme si vous aviez tout oubli\u00e9<\/em>.<\/p>\n<\/blockquote>\n\n\n\n<p class=\"has-small-font-size\"><em>\u00ab\u00a0Faites en sorte d&rsquo;accueillir chaque nouvelle personne comme si c&rsquo;\u00e9tait la premi\u00e8re et comme si vous aviez tout oubli\u00e9 et tout \u00e0 r\u00e9-apprendre\u00a0\u00bb<\/em>, a \u00e9t\u00e9 la recommandation d&rsquo;un de mes professeurs. Durant toutes ces ann\u00e9es, j&rsquo;ai pens\u00e9 \u00e0 ce pr\u00e9cieux conseil \u00e0 chaque nouvelle rencontre. Cette posture me maintient encore aujourd&rsquo;hui dans l&rsquo;ouverture la plus sinc\u00e8re : professionnellement, intellectuellement et humainement. Chaque nouvelle rencontre est une exp\u00e9rience unique qui ouvre sur une histoire de vie singuli\u00e8re et permet de progresser, d&rsquo;apprendre sur moi, sur la vie et de s&rsquo;am\u00e9liorer.<\/p>\n\n\n\n<p class=\"has-small-font-size\">J&rsquo;ai une immense gratitude envers toutes les personnes qui sont venues se confier \u00e0 moi durant ces ann\u00e9es mais aussi envers les coll\u00e8gues avec qui j&rsquo;ai pu vraiment travailler.<\/p>\n\n\n\n<p class=\"has-small-font-size\">La souffrance extr\u00eame de certaines personnes que j&rsquo;ai accompagn\u00e9es m&rsquo;a amen\u00e9e \u00e0 devoir compl\u00e9ter ma formation en <strong>pr\u00e9vention du suicide<\/strong>. La d\u00e9couverte de ce champs d&rsquo;intervention et les rencontres que j&rsquo;ai pu faire alors ont transform\u00e9 mon int\u00e9r\u00eat en un engagement n\u00e9cessaire. C&rsquo;est ainsi que j&rsquo;ai particip\u00e9 \u00e0 la fondation de l&rsquo;<strong>Association de Pr\u00e9vention du Suicide en Midi-Pyr\u00e9n\u00e9es (PSMP) <\/strong>dont j&rsquo;ai assum\u00e9 la Pr\u00e9sidence pendant 8 ann\u00e9es. Aujourd&rsquo;hui cette association poursuit son travail sous le nom d<strong>&lsquo;APSoc<\/strong> et je suis fi\u00e8re d&rsquo;avoir contribu\u00e9 \u00e0 son d\u00e9veloppement. Je reste engag\u00e9e sur cette question en tant que formatrice et bien s\u00fbr en tant que clinicienne. <\/p>\n\n\n\n<div class=\"wp-block-columns is-layout-flex wp-container-core-columns-is-layout-9d6595d7 wp-block-columns-is-layout-flex\">\n<div class=\"wp-block-column is-layout-flow wp-block-column-is-layout-flow\">\n<p class=\"has-small-font-size\">Anim\u00e9e par le d\u00e9sir de soulager mes patients et de les rendre libres et autonomes, je me suis ouverte \u00e0 d&rsquo;autres disciplines et techniques. Les neuro-sciences appliqu\u00e9es et la Sophrologie m&rsquo;ont permis de renouveler ma pratique. Orient\u00e9e par la Psychanalyse, j&rsquo;accompagne les personnes \u00e0 <strong>s&rsquo;ouvrir \u00e0 cette part d&rsquo;eux-m\u00eame qui est inconsciente.<\/strong> Ce qui est \u00ab\u00a0non-su\u00a0\u00bb a souvent un lien avec son histoire pass\u00e9e et ce qu&rsquo;on en a fait.  Avec la Sophrologie et les neuro-sciences, je m&rsquo;attache \u00e0 <strong>refaire une place au corps<\/strong> et \u00e0 permettre \u00e0 chacun d&rsquo; <strong>\u00ab\u00a0\u00e9largir sa conscience\u00a0\u00bb<\/strong> <strong>au pr\u00e9sent<\/strong>. Ce travail passe par les \u00e9motions, les sensations et permet de <strong>s&rsquo;ouvrir sur l&rsquo;exp\u00e9rience de \u00ab\u00a0sa nature\u00a0\u00bb<\/strong>.<\/p>\n\n\n\n<p class=\"has-small-font-size\">Et c&rsquo;est justement<strong> en s&rsquo;installant confortablement<\/strong>, dans mon nouveau lieu de travail que je propose \u00e0 chacun de venir poser sa parole et avancer sur son chemin, avec moi.<\/p>\n\n\n\n<p class=\"has-small-font-size\">Je vous invite, quoi qu\u2019il en soit, \u00e0 prendre le temps de me contacter.<\/p>\n<\/div>\n\n\n\n<div class=\"wp-block-column is-layout-flow wp-block-column-is-layout-flow\">\n<figure class=\"wp-block-image size-large\"><img loading=\"lazy\" decoding=\"async\" width=\"683\" height=\"1024\" src=\"https:\/\/fabiennefaure.fr\/wp-content\/uploads\/2023\/09\/Fabienne-Faure-Psychologue-regarde-la-cime-des-arbres-683x1024.jpg\" alt=\"\" class=\"wp-image-858\" style=\"aspect-ratio:1.3333333333333333;object-fit:contain\" srcset=\"https:\/\/fabiennefaure.fr\/wp-content\/uploads\/2023\/09\/Fabienne-Faure-Psychologue-regarde-la-cime-des-arbres-683x1024.jpg 683w, https:\/\/fabiennefaure.fr\/wp-content\/uploads\/2023\/09\/Fabienne-Faure-Psychologue-regarde-la-cime-des-arbres-200x300.jpg 200w, https:\/\/fabiennefaure.fr\/wp-content\/uploads\/2023\/09\/Fabienne-Faure-Psychologue-regarde-la-cime-des-arbres-768x1152.jpg 768w, https:\/\/fabiennefaure.fr\/wp-content\/uploads\/2023\/09\/Fabienne-Faure-Psychologue-regarde-la-cime-des-arbres-1024x1536.jpg 1024w, https:\/\/fabiennefaure.fr\/wp-content\/uploads\/2023\/09\/Fabienne-Faure-Psychologue-regarde-la-cime-des-arbres-1366x2048.jpg 1366w, https:\/\/fabiennefaure.fr\/wp-content\/uploads\/2023\/09\/Fabienne-Faure-Psychologue-regarde-la-cime-des-arbres.jpg 1667w\" sizes=\"auto, (max-width: 683px) 100vw, 683px\" \/><figcaption class=\"wp-element-caption\">Fabienne Faure <br>Psychologue et Sophrologue \u00e0 Moli\u00e8res <\/figcaption><\/figure>\n<\/div>\n<\/div>\n\n\n\n<p class=\"has-small-font-size\"><\/p>\n\n\n\n<p class=\"has-small-font-size\"><\/p>\n\n\n\n<p class=\"has-small-font-size\"><\/p>\n\n\n\n<p class=\"has-text-align-center has-small-font-size\"><\/p>\n","protected":false},"excerpt":{"rendered":"<p>C&rsquo;est avec le \u00ab\u00a0Malaise dans la civilisation\u00a0\u00bb que tout a commenc\u00e9. C&rsquo;est le nom d&rsquo;un petit livre de Freud que mon professeur de philosophie avait mis au programme de son cours de terminale. J&rsquo;ai donc 17 ans quand \u00ab\u00a0appara\u00eet\u00a0\u00bb ma \u00ab\u00a0vocation\u00a0\u00bb. Elle est n\u00e9e bien avant mais \u00e7a je ne le sais pas encore&#8230; Ce <a class=\"read-more\" href=\"https:\/\/fabiennefaure.fr\/?page_id=11\">READ MORE<\/a><\/p>\n","protected":false},"author":1,"featured_media":17,"parent":0,"menu_order":0,"comment_status":"closed","ping_status":"closed","template":"","meta":{"footnotes":""},"class_list":["post-11","page","type-page","status-publish","has-post-thumbnail","hentry"],"_links":{"self":[{"href":"https:\/\/fabiennefaure.fr\/index.php?rest_route=\/wp\/v2\/pages\/11","targetHints":{"allow":["GET"]}}],"collection":[{"href":"https:\/\/fabiennefaure.fr\/index.php?rest_route=\/wp\/v2\/pages"}],"about":[{"href":"https:\/\/fabiennefaure.fr\/index.php?rest_route=\/wp\/v2\/types\/page"}],"author":[{"embeddable":true,"href":"https:\/\/fabiennefaure.fr\/index.php?rest_route=\/wp\/v2\/users\/1"}],"replies":[{"embeddable":true,"href":"https:\/\/fabiennefaure.fr\/index.php?rest_route=%2Fwp%2Fv2%2Fcomments&post=11"}],"version-history":[{"count":44,"href":"https:\/\/fabiennefaure.fr\/index.php?rest_route=\/wp\/v2\/pages\/11\/revisions"}],"predecessor-version":[{"id":992,"href":"https:\/\/fabiennefaure.fr\/index.php?rest_route=\/wp\/v2\/pages\/11\/revisions\/992"}],"wp:featuredmedia":[{"embeddable":true,"href":"https:\/\/fabiennefaure.fr\/index.php?rest_route=\/wp\/v2\/media\/17"}],"wp:attachment":[{"href":"https:\/\/fabiennefaure.fr\/index.php?rest_route=%2Fwp%2Fv2%2Fmedia&parent=11"}],"curies":[{"name":"wp","href":"https:\/\/api.w.org\/{rel}","templated":true}]}}

<p class="has-small-font-size">C&rsquo;est avec le « Malaise dans la civilisation » que tout a commencé. C&rsquo;est le nom d&rsquo;un petit livre de Freud que mon professeur de philosophie avait mis au programme de son cours de terminale. J&rsquo;ai donc 17 ans quand « apparaît » ma « vocation ». Elle est née bien avant mais ça je ne le sais pas encore&#8230;  Ce qui est sûr c&rsquo;est qu&rsquo;à ce moment-là le chemin devient comme tout tracé. Je commence mes études à Nantes et choisis de les finir à Toulouse. Pourquoi Toulouse? Parce qu&rsquo;à l&rsquo;époque la psychanalyse y est largement enseignée. Mais aussi parce que je suis passionnée de Montagne et que j&rsquo;ai besoin de vivre plus près des Pyrénées.</p>



<p class="has-small-font-size">En 1997,  je sors de l&rsquo;Université avec un DESS (Master2) de Psychopathologie Clinique et j&rsquo;ai tout à apprendre ! Je commence assez rapidement à travailler dans le secteur de l’addictologie à Toulouse. Cette expérience va durer 23 ans. Durant ces années j&rsquo;ai eu le privilège d&rsquo;accompagner des adultes, des adolescents, des parents, mais aussi des professionnels du <strong>soin</strong> et de la <strong>prévention.</strong></p>



<blockquote class="wp-block-quote is-layout-flow wp-block-quote-is-layout-flow">
<p class="has-text-align-right has-small-font-size"><em>Faites en sorte d&rsquo;accueillir chaque nouvelle personne comme si c&rsquo;était la première fois et comme si vous aviez tout oublié</em>.</p>
</blockquote>



<p class="has-small-font-size"><em>« Faites en sorte d&rsquo;accueillir chaque nouvelle personne comme si c&rsquo;était la première et comme si vous aviez tout oublié et tout à ré-apprendre »</em>, a été la recommandation d&rsquo;un de mes professeurs. Durant toutes ces années, j&rsquo;ai pensé à ce précieux conseil à chaque nouvelle rencontre. Cette posture me maintient encore aujourd&rsquo;hui dans l&rsquo;ouverture la plus sincère : professionnellement, intellectuellement et humainement. Chaque nouvelle rencontre est une expérience unique qui ouvre sur une histoire de vie singulière et permet de progresser, d&rsquo;apprendre sur moi, sur la vie et de s&rsquo;améliorer.</p>



<p class="has-small-font-size">J&rsquo;ai une immense gratitude envers toutes les personnes qui sont venues se confier à moi durant ces années mais aussi envers les collègues avec qui j&rsquo;ai pu vraiment travailler.</p>



<p class="has-small-font-size">La souffrance extrême de certaines personnes que j&rsquo;ai accompagnées m&rsquo;a amenée à devoir compléter ma formation en <strong>prévention du suicide</strong>. La découverte de ce champs d&rsquo;intervention et les rencontres que j&rsquo;ai pu faire alors ont transformé mon intérêt en un engagement nécessaire. C&rsquo;est ainsi que j&rsquo;ai participé à la fondation de l&rsquo;<strong>Association de Prévention du Suicide en Midi-Pyrénées (PSMP) </strong>dont j&rsquo;ai assumé la Présidence pendant 8 années. Aujourd&rsquo;hui cette association poursuit son travail sous le nom d<strong>&lsquo;APSoc</strong> et je suis fière d&rsquo;avoir contribué à son développement. Je reste engagée sur cette question en tant que formatrice et bien sûr en tant que clinicienne. </p>



<div class="wp-block-columns is-layout-flex wp-container-core-columns-is-layout-9d6595d7 wp-block-columns-is-layout-flex">
<div class="wp-block-column is-layout-flow wp-block-column-is-layout-flow">
<p class="has-small-font-size">Animée par le désir de soulager mes patients et de les rendre libres et autonomes, je me suis ouverte à d&rsquo;autres disciplines et techniques. Les neuro-sciences appliquées et la Sophrologie m&rsquo;ont permis de renouveler ma pratique. Orientée par la Psychanalyse, j&rsquo;accompagne les personnes à <strong>s&rsquo;ouvrir à cette part d&rsquo;eux-même qui est inconsciente.</strong> Ce qui est « non-su » a souvent un lien avec son histoire passée et ce qu&rsquo;on en a fait.  Avec la Sophrologie et les neuro-sciences, je m&rsquo;attache à <strong>refaire une place au corps</strong> et à permettre à chacun d&rsquo; <strong>« élargir sa conscience »</strong> <strong>au présent</strong>. Ce travail passe par les émotions, les sensations et permet de <strong>s&rsquo;ouvrir sur l&rsquo;expérience de « sa nature »</strong>.</p>



<p class="has-small-font-size">Et c&rsquo;est justement<strong> en s&rsquo;installant confortablement</strong>, dans mon nouveau lieu de travail que je propose à chacun de venir poser sa parole et avancer sur son chemin, avec moi.</p>



<p class="has-small-font-size">Je vous invite, quoi qu’il en soit, à prendre le temps de me contacter.</p>
</div>



<div class="wp-block-column is-layout-flow wp-block-column-is-layout-flow">
<figure class="wp-block-image size-large"><img loading="lazy" decoding="async" width="683" height="1024" src="https://fabiennefaure.fr/wp-content/uploads/2023/09/Fabienne-Faure-Psychologue-regarde-la-cime-des-arbres-683x1024.jpg" alt="" class="wp-image-858" style="aspect-ratio:1.3333333333333333;object-fit:contain" srcset="https://fabiennefaure.fr/wp-content/uploads/2023/09/Fabienne-Faure-Psychologue-regarde-la-cime-des-arbres-683x1024.jpg 683w, https://fabiennefaure.fr/wp-content/uploads/2023/09/Fabienne-Faure-Psychologue-regarde-la-cime-des-arbres-200x300.jpg 200w, https://fabiennefaure.fr/wp-content/uploads/2023/09/Fabienne-Faure-Psychologue-regarde-la-cime-des-arbres-768x1152.jpg 768w, https://fabiennefaure.fr/wp-content/uploads/2023/09/Fabienne-Faure-Psychologue-regarde-la-cime-des-arbres-1024x1536.jpg 1024w, https://fabiennefaure.fr/wp-content/uploads/2023/09/Fabienne-Faure-Psychologue-regarde-la-cime-des-arbres-1366x2048.jpg 1366w, https://fabiennefaure.fr/wp-content/uploads/2023/09/Fabienne-Faure-Psychologue-regarde-la-cime-des-arbres.jpg 1667w" sizes="auto, (max-width: 683px) 100vw, 683px" /><figcaption class="wp-element-caption">Fabienne Faure <br>Psychologue et Sophrologue à Molières </figcaption></figure>
</div>
</div>



<p class="has-small-font-size"></p>



<p class="has-small-font-size"></p>



<p class="has-small-font-size"></p>



<p class="has-text-align-center has-small-font-size"></p>

<p>C&rsquo;est avec le « Malaise dans la civilisation » que tout a commencé. C&rsquo;est le nom d&rsquo;un petit livre de Freud que mon professeur de philosophie avait mis au programme de son cours de terminale. J&rsquo;ai donc 17 ans quand « apparaît » ma « vocation ». Elle est née bien avant mais ça je ne le sais pas encore&#8230; Ce <a class="read-more" href="https://fabiennefaure.fr/?page_id=11">READ MORE</a></p>
