{"id":13,"date":"2023-02-12T17:19:15","date_gmt":"2023-02-12T16:19:15","guid":{"rendered":"https:\/\/fabiennefaure.fr\/?page_id=13"},"modified":"2023-09-04T17:59:55","modified_gmt":"2023-09-04T15:59:55","slug":"psycho-praticienne","status":"publish","type":"page","link":"https:\/\/fabiennefaure.fr\/?page_id=13","title":{"rendered":"Psychologue Clinicienne"},"content":{"rendered":"\n<div class=\"wp-block-columns is-layout-flex wp-container-core-columns-is-layout-9d6595d7 wp-block-columns-is-layout-flex\">\n<div class=\"wp-block-column is-layout-flow wp-block-column-is-layout-flow\" style=\"flex-basis:66.66%\">\n<p class=\"has-small-font-size\">Mon approche psychoth\u00e9rapique int\u00e8gre plusieurs courants th\u00e9oriques de la psychologie dont <strong>l\u2019approche psychanalytique <\/strong>\u00e0 laquelle j&rsquo;ai \u00e9t\u00e9 form\u00e9e. Cette approche qui permet d&rsquo;appr\u00e9hender le fonctionnement du psychisme humain reste mon socle de r\u00e9f\u00e9rence.   <\/p>\n\n\n\n<p class=\"has-small-font-size\">Pour autant, le mod\u00e8le psychanalytique n&rsquo;est pas exhaustif et d&rsquo;autres approches et recherches &#8211; notamment dans le domaine des neuro-sciences &#8211; ont beaucoup apport\u00e9 \u00e0 la connaissance et \u00e0 la pratique th\u00e9rapeutique ces derni\u00e8res ann\u00e9es. Aussi j&rsquo;ai trouv\u00e9 indispensable de m&rsquo;ouvrir \u00e0 d&rsquo;autres approches, d&rsquo;enrichir ma pratique clinique pour \u00e9largir mes propositions th\u00e9rapeutiques. <\/p>\n\n\n\n<p class=\"has-small-font-size\">Aujourd&rsquo;hui, mon travail se rapproche donc plus de ce qu&rsquo;on appelle<strong> la psychoth\u00e9rapie int\u00e9grative<\/strong>&nbsp;car elle s\u2019ouvre aux techniques compl\u00e9mentaires. Cela me permet de travailler \u00e0 plusieurs niveaux et donne ainsi plus de souplesse au travail de psychoth\u00e9rapie.<\/p>\n\n\n\n<p>Cette approche int\u00e9grative favorise \u00e9galement le d\u00e9cloisonnement des pratiques et le travail avec d&rsquo;autres professionnels.<\/p>\n\n\n\n<p class=\"has-small-font-size\">La connaissance et l\u2019association de diff\u00e9rentes connaissances me permettent donc de vous proposer un accueil personnalis\u00e9, c&rsquo;est \u00e0 dire&nbsp;<strong>qui tient compte de votre personnalit\u00e9 et des probl\u00e9matiques que vous rencontrez <\/strong>dans le respect de votre int\u00e9grit\u00e9 et de votre temporalit\u00e9.<\/p>\n\n\n\n<p class=\"has-small-font-size\">En tant que th\u00e9rapeute, mon r\u00f4le consiste \u00e0 vous aider \u00e0 donner du sens \u00e0 ce que vous vivez, \u00e0 ce que vous ressentez mais \u00e9galement de vous guider pour que vous vous connectiez \u00e0 votre histoire, \u00e0 votre monde int\u00e9rieur mais aussi \u00e0 vos pr\u00e9cieuses ressources.&nbsp;C&rsquo;est autant un travail d&rsquo;approfondissement que d&rsquo;ouverture.<\/p>\n\n\n\n<p class=\"has-small-font-size\">En verbalisant son histoire et ses \u00e9motions dans une relation th\u00e9rapeutique, le patient vit <strong>une exp\u00e9rience \u00e9motionnelle qui peut \u00eatre \u00ab\u00a0correctrice\u00a0\u00bb<\/strong> au sens o\u00f9 elle vise \u00e0 \u00ab\u00a0r\u00e9parer\u00a0\u00bb les effets des traumatismes qu&rsquo;il a pu vivre par le pass\u00e9.<\/p>\n\n\n\n<p class=\"has-small-font-size\">Parfois il est difficile de se rem\u00e9morer ou de trouver les mots pour le dire. Parfois aussi la place de certaines manifestations comme l&rsquo;anxi\u00e9t\u00e9 ou la d\u00e9pression n\u00e9cessite d&rsquo;agir \u00e0 plusieurs niveaux.<\/p>\n\n\n\n<p class=\"has-small-font-size\">C&rsquo;est notamment l\u00e0 que j&rsquo;ai trouv\u00e9 int\u00e9ressant de faire appel \u00e0 des techniques compl\u00e9mentaires \u00e0 ce que Freud appelait la \u00ab\u00a0talking cure\u00a0\u00bb (la cure par la parole). Ces techniques facilitent entre autre la d\u00e9tente, l&rsquo;acc\u00e8s au corps, aux \u00e9motions et \u00e0 la r\u00eaverie.<\/p>\n\n\n\n<p class=\"has-small-font-size\">Ces am\u00e9nagements apportent une modification de la dynamique relationnelle patient-th\u00e9rapeute. Le psychoth\u00e9rapeute a une part plus active dans le traitement que celle octroy\u00e9e par la psychanalyse par exemple, tout en restant neutre, bienveillant et loin de toute tentative de moralisation.<\/p>\n\n\n\n<p class=\"has-small-font-size\">La psychoth\u00e9rapie int\u00e9grative utilise des techniques visant \u00e0 apaiser l&rsquo;anxi\u00e9t\u00e9 et apporter&nbsp;le soulagement de la souffrance d\u00e9pressive du patient.<\/p>\n\n\n\n<p class=\"has-small-font-size\">Le psychoth\u00e9rapeute peut \u00e9galement avoir recours \u00e0 des actions visant \u00e0 modifier les conditions de vie r\u00e9elles du patient. Il peut entre autre planifier les actions th\u00e9rapeutiques et les traitements sp\u00e9cifiques. Il peut aussi se focaliser successivement sur des secteurs particuliers de la vie du patient (sa sant\u00e9 physique, sa vie sociale, professionnelle&#8230;)<\/p>\n<\/div>\n\n\n\n<div class=\"wp-block-column is-layout-flow wp-block-column-is-layout-flow\" style=\"flex-basis:33.33%\">\n<figure class=\"wp-block-gallery has-nested-images columns-default is-cropped wp-block-gallery-1 is-layout-flex wp-block-gallery-is-layout-flex\">\n<figure class=\"wp-block-image size-large\"><img loading=\"lazy\" decoding=\"async\" width=\"768\" height=\"1024\" data-id=\"512\" src=\"https:\/\/fabiennefaure.fr\/wp-content\/uploads\/2023\/03\/fa-mars-23-no2-copie-Modifie.png\" alt=\"Fabienne Faure\n\" class=\"wp-image-512\" srcset=\"https:\/\/fabiennefaure.fr\/wp-content\/uploads\/2023\/03\/fa-mars-23-no2-copie-Modifie.png 768w, https:\/\/fabiennefaure.fr\/wp-content\/uploads\/2023\/03\/fa-mars-23-no2-copie-Modifie-225x300.png 225w\" sizes=\"auto, (max-width: 768px) 100vw, 768px\" \/><\/figure>\n<\/figure>\n\n\n\n<blockquote class=\"wp-block-quote is-layout-flow wp-block-quote-is-layout-flow\">\n<p class=\"has-text-align-center has-small-font-size\"><\/p>\n<\/blockquote>\n<\/div>\n<\/div>\n\n\n\n<div class=\"wp-block-columns is-layout-flex wp-container-core-columns-is-layout-9d6595d7 wp-block-columns-is-layout-flex\">\n<div class=\"wp-block-column is-layout-flow wp-block-column-is-layout-flow\">\n<p class=\"has-small-font-size\"><\/p>\n\n\n\n<p class=\"has-small-font-size\"><\/p>\n\n\n\n<p class=\"has-small-font-size\"><\/p>\n\n\n\n<p class=\"has-small-font-size\"><\/p>\n\n\n\n<p class=\"has-small-font-size\"><\/p>\n<\/div>\n<\/div>\n","protected":false},"excerpt":{"rendered":"<p>Mon approche psychoth\u00e9rapique int\u00e8gre plusieurs courants th\u00e9oriques de la psychologie dont l\u2019approche psychanalytique \u00e0 laquelle j&rsquo;ai \u00e9t\u00e9 form\u00e9e. Cette approche qui permet d&rsquo;appr\u00e9hender le fonctionnement du psychisme humain reste mon socle de r\u00e9f\u00e9rence. Pour autant, le mod\u00e8le psychanalytique n&rsquo;est pas exhaustif et d&rsquo;autres approches et recherches &#8211; notamment dans le domaine des neuro-sciences &#8211; ont <a class=\"read-more\" href=\"https:\/\/fabiennefaure.fr\/?page_id=13\">READ MORE<\/a><\/p>\n","protected":false},"author":1,"featured_media":0,"parent":0,"menu_order":0,"comment_status":"closed","ping_status":"closed","template":"","meta":{"footnotes":""},"class_list":["post-13","page","type-page","status-publish","hentry"],"_links":{"self":[{"href":"https:\/\/fabiennefaure.fr\/index.php?rest_route=\/wp\/v2\/pages\/13","targetHints":{"allow":["GET"]}}],"collection":[{"href":"https:\/\/fabiennefaure.fr\/index.php?rest_route=\/wp\/v2\/pages"}],"about":[{"href":"https:\/\/fabiennefaure.fr\/index.php?rest_route=\/wp\/v2\/types\/page"}],"author":[{"embeddable":true,"href":"https:\/\/fabiennefaure.fr\/index.php?rest_route=\/wp\/v2\/users\/1"}],"replies":[{"embeddable":true,"href":"https:\/\/fabiennefaure.fr\/index.php?rest_route=%2Fwp%2Fv2%2Fcomments&post=13"}],"version-history":[{"count":41,"href":"https:\/\/fabiennefaure.fr\/index.php?rest_route=\/wp\/v2\/pages\/13\/revisions"}],"predecessor-version":[{"id":906,"href":"https:\/\/fabiennefaure.fr\/index.php?rest_route=\/wp\/v2\/pages\/13\/revisions\/906"}],"wp:attachment":[{"href":"https:\/\/fabiennefaure.fr\/index.php?rest_route=%2Fwp%2Fv2%2Fmedia&parent=13"}],"curies":[{"name":"wp","href":"https:\/\/api.w.org\/{rel}","templated":true}]}}

<div class="wp-block-columns is-layout-flex wp-container-core-columns-is-layout-9d6595d7 wp-block-columns-is-layout-flex">
<div class="wp-block-column is-layout-flow wp-block-column-is-layout-flow" style="flex-basis:66.66%">
<p class="has-small-font-size">Mon approche psychothérapique intègre plusieurs courants théoriques de la psychologie dont <strong>l’approche psychanalytique </strong>à laquelle j&rsquo;ai été formée. Cette approche qui permet d&rsquo;appréhender le fonctionnement du psychisme humain reste mon socle de référence.   </p>



<p class="has-small-font-size">Pour autant, le modèle psychanalytique n&rsquo;est pas exhaustif et d&rsquo;autres approches et recherches &#8211; notamment dans le domaine des neuro-sciences &#8211; ont beaucoup apporté à la connaissance et à la pratique thérapeutique ces dernières années. Aussi j&rsquo;ai trouvé indispensable de m&rsquo;ouvrir à d&rsquo;autres approches, d&rsquo;enrichir ma pratique clinique pour élargir mes propositions thérapeutiques. </p>



<p class="has-small-font-size">Aujourd&rsquo;hui, mon travail se rapproche donc plus de ce qu&rsquo;on appelle<strong> la psychothérapie intégrative</strong>&nbsp;car elle s’ouvre aux techniques complémentaires. Cela me permet de travailler à plusieurs niveaux et donne ainsi plus de souplesse au travail de psychothérapie.</p>



<p>Cette approche intégrative favorise également le décloisonnement des pratiques et le travail avec d&rsquo;autres professionnels.</p>



<p class="has-small-font-size">La connaissance et l’association de différentes connaissances me permettent donc de vous proposer un accueil personnalisé, c&rsquo;est à dire&nbsp;<strong>qui tient compte de votre personnalité et des problématiques que vous rencontrez </strong>dans le respect de votre intégrité et de votre temporalité.</p>



<p class="has-small-font-size">En tant que thérapeute, mon rôle consiste à vous aider à donner du sens à ce que vous vivez, à ce que vous ressentez mais également de vous guider pour que vous vous connectiez à votre histoire, à votre monde intérieur mais aussi à vos précieuses ressources.&nbsp;C&rsquo;est autant un travail d&rsquo;approfondissement que d&rsquo;ouverture.</p>



<p class="has-small-font-size">En verbalisant son histoire et ses émotions dans une relation thérapeutique, le patient vit <strong>une expérience émotionnelle qui peut être « correctrice »</strong> au sens où elle vise à « réparer » les effets des traumatismes qu&rsquo;il a pu vivre par le passé.</p>



<p class="has-small-font-size">Parfois il est difficile de se remémorer ou de trouver les mots pour le dire. Parfois aussi la place de certaines manifestations comme l&rsquo;anxiété ou la dépression nécessite d&rsquo;agir à plusieurs niveaux.</p>



<p class="has-small-font-size">C&rsquo;est notamment là que j&rsquo;ai trouvé intéressant de faire appel à des techniques complémentaires à ce que Freud appelait la « talking cure » (la cure par la parole). Ces techniques facilitent entre autre la détente, l&rsquo;accès au corps, aux émotions et à la rêverie.</p>



<p class="has-small-font-size">Ces aménagements apportent une modification de la dynamique relationnelle patient-thérapeute. Le psychothérapeute a une part plus active dans le traitement que celle octroyée par la psychanalyse par exemple, tout en restant neutre, bienveillant et loin de toute tentative de moralisation.</p>



<p class="has-small-font-size">La psychothérapie intégrative utilise des techniques visant à apaiser l&rsquo;anxiété et apporter&nbsp;le soulagement de la souffrance dépressive du patient.</p>



<p class="has-small-font-size">Le psychothérapeute peut également avoir recours à des actions visant à modifier les conditions de vie réelles du patient. Il peut entre autre planifier les actions thérapeutiques et les traitements spécifiques. Il peut aussi se focaliser successivement sur des secteurs particuliers de la vie du patient (sa santé physique, sa vie sociale, professionnelle&#8230;)</p>
</div>



<div class="wp-block-column is-layout-flow wp-block-column-is-layout-flow" style="flex-basis:33.33%">
<figure class="wp-block-gallery has-nested-images columns-default is-cropped wp-block-gallery-1 is-layout-flex wp-block-gallery-is-layout-flex">
<figure class="wp-block-image size-large"><img loading="lazy" decoding="async" width="768" height="1024" data-id="512" src="https://fabiennefaure.fr/wp-content/uploads/2023/03/fa-mars-23-no2-copie-Modifie.png" alt="Fabienne Faure
" class="wp-image-512" srcset="https://fabiennefaure.fr/wp-content/uploads/2023/03/fa-mars-23-no2-copie-Modifie.png 768w, https://fabiennefaure.fr/wp-content/uploads/2023/03/fa-mars-23-no2-copie-Modifie-225x300.png 225w" sizes="auto, (max-width: 768px) 100vw, 768px" /></figure>
</figure>



<blockquote class="wp-block-quote is-layout-flow wp-block-quote-is-layout-flow">
<p class="has-text-align-center has-small-font-size"></p>
</blockquote>
</div>
</div>



<div class="wp-block-columns is-layout-flex wp-container-core-columns-is-layout-9d6595d7 wp-block-columns-is-layout-flex">
<div class="wp-block-column is-layout-flow wp-block-column-is-layout-flow">
<p class="has-small-font-size"></p>



<p class="has-small-font-size"></p>



<p class="has-small-font-size"></p>



<p class="has-small-font-size"></p>



<p class="has-small-font-size"></p>
</div>
</div>

<p>Mon approche psychothérapique intègre plusieurs courants théoriques de la psychologie dont l’approche psychanalytique à laquelle j&rsquo;ai été formée. Cette approche qui permet d&rsquo;appréhender le fonctionnement du psychisme humain reste mon socle de référence. Pour autant, le modèle psychanalytique n&rsquo;est pas exhaustif et d&rsquo;autres approches et recherches &#8211; notamment dans le domaine des neuro-sciences &#8211; ont <a class="read-more" href="https://fabiennefaure.fr/?page_id=13">READ MORE</a></p>
