{"id":185,"date":"2023-03-11T15:10:59","date_gmt":"2023-03-11T14:10:59","guid":{"rendered":"https:\/\/fabiennefaure.fr\/?page_id=185"},"modified":"2023-10-15T15:49:23","modified_gmt":"2023-10-15T13:49:23","slug":"prevention-du-suicide","status":"publish","type":"page","link":"https:\/\/fabiennefaure.fr\/?page_id=185","title":{"rendered":"Pr\u00e9vention du suicide"},"content":{"rendered":"\n<blockquote class=\"wp-block-quote has-text-align-right is-layout-flow wp-block-quote-is-layout-flow\">\n<p class=\"has-text-align-right has-medium-font-size\"><em>Parce qu&rsquo;une pr\u00e9vention est possible<\/em><\/p>\n<\/blockquote>\n\n\n\n<div class=\"wp-block-columns is-layout-flex wp-container-core-columns-is-layout-9d6595d7 wp-block-columns-is-layout-flex\">\n<div class=\"wp-block-column is-layout-flow wp-block-column-is-layout-flow\" style=\"flex-basis:33.33%\"><div class=\"wp-block-image\">\n<figure class=\"aligncenter size-full is-resized\"><img loading=\"lazy\" decoding=\"async\" width=\"452\" height=\"640\" src=\"https:\/\/fabiennefaure.fr\/wp-content\/uploads\/2023\/03\/JNPS-1.jpg\" alt=\"\" class=\"wp-image-252\" style=\"aspect-ratio:0.70625;width:238px;height:auto\" srcset=\"https:\/\/fabiennefaure.fr\/wp-content\/uploads\/2023\/03\/JNPS-1.jpg 452w, https:\/\/fabiennefaure.fr\/wp-content\/uploads\/2023\/03\/JNPS-1-212x300.jpg 212w\" sizes=\"auto, (max-width: 452px) 100vw, 452px\" \/><\/figure>\n<\/div><\/div>\n\n\n\n<div class=\"wp-block-column is-layout-flow wp-block-column-is-layout-flow\" style=\"flex-basis:66.66%\">\n<p class=\"has-small-font-size\">En 2013, je me suis form\u00e9e <strong>au rep\u00e9rage, \u00e0 l&rsquo;\u00e9valuation et \u00e0 la<\/strong> <strong>prise en charge de la crise suicidaire<\/strong> et devenue formatrice en pr\u00e9vention du suicide. Cette th\u00e9matique repr\u00e9sente pour moi un engagement fort.<\/p>\n\n\n\n<p class=\"has-small-font-size\">\u00ab\u00a0Parce que nous savons qu&rsquo;une pr\u00e9vention est possible\u00a0\u00bb, j&rsquo;ai en 2012 \u00e9t\u00e9 co-fondatrice puis Pr\u00e9sidente pendant 8 ans de l&rsquo;Association R\u00e9gionale de Pr\u00e9vention du Suicide en r\u00e9gion (PSMP nomm\u00e9e aujourd&rsquo;hui APSoc).<\/p>\n\n\n\n<p class=\"has-small-font-size\">Oser parler de ses pens\u00e9es suicidaires, ou du fait d&rsquo;\u00eatre un jour pass\u00e9(e) \u00e0 l\u2019acte est tr\u00e8s difficile. Tout comme il est difficile d&rsquo;\u00e9voquer le fait d\u2019avoir dans son entourage quelqu\u2019un qui s\u2019est suicid\u00e9. <strong>Ce sujet g\u00e9n\u00e8re une angoisse indicible, une immense culpabilit\u00e9 et une incompr\u00e9hension majeure<\/strong>.<\/p>\n\n\n\n<p><\/p>\n\n\n\n<p><\/p>\n<\/div>\n<\/div>\n\n\n\n<p class=\"has-small-font-size\">S&rsquo;ajoutent \u00e0 cela, des croyances populaires selon lesquelles les personnes qui \u00ab\u00a0menacent \u00a0\u00bb de se suicider ou qui \u00ab\u00a0sous-entendent\u00a0\u00bb vouloir le faire, passent rarement \u00e0 l\u2019acte. Cette assertion est fausse. En effet, <strong>formuler des propos suicidaires est toujours le signe d&rsquo;une souffrance qu&rsquo;il ne faut pas minimiser.<\/strong><\/p>\n\n\n\n<p class=\"has-small-font-size\"><\/p>\n\n\n\n<h2 class=\"wp-block-heading alignfull\">Un sujet de soci\u00e9t\u00e9<\/h2>\n\n\n\n<p class=\"has-small-font-size\">Notre soci\u00e9t\u00e9, par le biais des m\u00e9dias, relaient ais\u00e9ment la th\u00e9matique du suicide chez les jeunes. Le suicide chez les professionnels commencent \u00e0 \u00eatre entendu et parfois reconnu. En revanche le fait que cette probl\u00e9matique touche nombre de personnes \u00e2g\u00e9es a encore trop tendance \u00e0 \u00eatre rel\u00e9gu\u00e9 aux oubliettes&#8230;<\/p>\n\n\n\n<h2 class=\"wp-block-heading alignfull\">Il y a t-il des facteurs de risque ? <\/h2>\n\n\n\n<p class=\"has-small-font-size\">Les facteurs en cause dans ce qu&rsquo;on appelle la <strong>\u00ab\u00a0crise suicidaire<\/strong>\u00a0\u00bb sont multiples. Il est tr\u00e8s difficile de traduire ici les \u00e9l\u00e9ments de ce v\u00e9cu complexe <strong>que repr\u00e9sente la souffrance morale et\/ou physique des suicidants, des suicid\u00e9s et de leur entourage.<\/strong>&nbsp;<\/p>\n\n\n\n<p class=\"has-small-font-size\">Les facteurs de risques que je vais \u00e9voquer ci-dessous sont des \u00ab\u00a0classifications\u00a0\u00bb non-exhaustives et ne doivent pas \u00eatre lus de fa\u00e7on lin\u00e9aire car en r\u00e9alit\u00e9 ces facteurs interagissent entre eux.&nbsp;<strong>Mais, les connaitre permet d\u2019\u00eatre plus attentifs aux signes avant-coureurs d\u2019un passage \u00e0 l\u2019acte<\/strong>.<\/p>\n\n\n\n<p class=\"has-small-font-size\">Cette complexit\u00e9 montre avant tout qu&rsquo;il est essentiel de ne pas rester seul \u00e0 chercher \u00e0 r\u00e9soudre le probl\u00e8me.<\/p>\n\n\n\n<p class=\"has-small-font-size\">Les <strong>facteurs premiers<\/strong> regroupent <strong>les ant\u00e9c\u00e9dents<\/strong> psychiatriques (d\u00e9pression, troubles de l\u2019humeur&#8230;), les ant\u00e9c\u00e9dents de suicide (personnels, familiaux), les <strong>verbalisations<\/strong> ou les <strong>comportements<\/strong> exprimant l\u2019intention de passer \u00e0 l\u2019acte, la<strong> personnalit\u00e9<\/strong> de la personne et notamment son impulsivit\u00e9&#8230;<\/p>\n\n\n\n<p class=\"has-small-font-size\"><strong>Les facteurs secondaires<\/strong> sont essentiellement les <strong>\u00e9v\u00e8nements de vie<\/strong> (les pertes pr\u00e9coces, les abus, la maltraitance), l\u2019isolement social).<\/p>\n\n\n\n<p class=\"has-small-font-size\"><strong>Les facteurs tertiaires<\/strong> sont li\u00e9s au genre, \u00e0 l\u2019\u00e2ge, et aux p\u00e9riodes de vuln\u00e9rabilit\u00e9 au cours de la vie. Ils interagissent avec les facteurs primaires et secondaires.<\/p>\n\n\n\n<figure class=\"wp-block-pullquote has-text-align-right has-small-font-size\" style=\"font-style:normal;font-weight:500\"><blockquote><p><em>Cette complexit\u00e9 montre avant tout qu&rsquo;il est essentiel de ne pas rester seul<\/em><\/p><\/blockquote><\/figure>\n\n\n\n<h2 class=\"wp-block-heading alignfull\">Quel est mon r\u00f4le en tant que th\u00e9rapeute ?<\/h2>\n\n\n\n<div class=\"wp-block-columns is-layout-flex wp-container-core-columns-is-layout-9d6595d7 wp-block-columns-is-layout-flex\">\n<div class=\"wp-block-column is-layout-flow wp-block-column-is-layout-flow\">\n<p class=\"has-small-font-size\">En tant que psychologue, je suis d&rsquo;abord <strong>l\u00e0 pour entendre <\/strong>une personne en souffrance et\/ou ses proches. En effet la premi\u00e8re des pr\u00e9ventions consiste \u00e0<strong> entendre la souffrance, permettre qu&rsquo;elle soit \u00e9nonc\u00e9e et, avec elle, les \u00e9motions ressenties<\/strong>. Etre entendu(e) est aussi dans un premier temps une fa\u00e7on de <strong>sortir de l&rsquo;isolement<\/strong>. <\/p>\n\n\n\n<p class=\"has-small-font-size\">En fonction de la probl\u00e9matique et de mon \u00e9valuation en tant que sp\u00e9cialiste, je peux \u00eatre amen\u00e9e \u00e0 <strong>donner des conseils<\/strong>, voire \u00e0 <strong>accompagner une personne vers une prise en charge de soin renforc\u00e9e et \u00e9ventuellement urgente.<\/strong><\/p>\n\n\n\n<p class=\"has-small-font-size\">Enfin, mon travail consistera ensuite \u00e0 proposer <strong>une th\u00e9rapie compl\u00e9mentaire, <\/strong>en travaillant sur le sens de la vie, le renforcement des liens sociaux, les repr\u00e9sentations et les croyances sur soi, sur autrui, sur le monde&#8230;<br><\/p>\n<\/div>\n\n\n\n<div class=\"wp-block-column is-layout-flow wp-block-column-is-layout-flow\">\n<figure class=\"wp-block-image size-full is-resized\"><img loading=\"lazy\" decoding=\"async\" width=\"423\" height=\"272\" src=\"https:\/\/fabiennefaure.fr\/wp-content\/uploads\/2023\/03\/main-tendue-.png\" alt=\"\" class=\"wp-image-373\" style=\"width:553px;height:356px\" srcset=\"https:\/\/fabiennefaure.fr\/wp-content\/uploads\/2023\/03\/main-tendue-.png 423w, https:\/\/fabiennefaure.fr\/wp-content\/uploads\/2023\/03\/main-tendue--300x193.png 300w\" sizes=\"auto, (max-width: 423px) 100vw, 423px\" \/><\/figure>\n\n\n\n<blockquote class=\"wp-block-quote is-layout-flow wp-block-quote-is-layout-flow\">\n<p class=\"has-text-align-center has-small-font-size\"><strong>Entendre la souffrance, permettre qu&rsquo;elle soit \u00e9nonc\u00e9e et avec elle les \u00e9motions ressenties est la premi\u00e8re pr\u00e9vention<\/strong><\/p>\n<\/blockquote>\n<\/div>\n<\/div>\n\n\n\n<p class=\"has-small-font-size\">Dans un climat de confiance et une approche bienveillante,  emphatique, en respectant votre temps psychologique, il sera possible de renouer un dialogue avec vous-m\u00eame, mais aussi avec votre entourage.<\/p>\n\n\n\n<p class=\"has-medium-font-size\"><\/p>\n\n\n\n<figure class=\"wp-block-embed is-type-video is-provider-youtube wp-block-embed-youtube wp-embed-aspect-16-9 wp-has-aspect-ratio\"><div class=\"wp-block-embed__wrapper\">\n<iframe loading=\"lazy\" title=\"Pr\u00e9vention du suicide : Interview de Fabienne Faure\" width=\"837\" height=\"471\" src=\"https:\/\/www.youtube.com\/embed\/1qVlDvTs2j0?start=360&#038;feature=oembed\" frameborder=\"0\" allow=\"accelerometer; autoplay; clipboard-write; encrypted-media; gyroscope; picture-in-picture; web-share\" allowfullscreen><\/iframe>\n<\/div><\/figure>\n","protected":false},"excerpt":{"rendered":"<p>Parce qu&rsquo;une pr\u00e9vention est possible En 2013, je me suis form\u00e9e au rep\u00e9rage, \u00e0 l&rsquo;\u00e9valuation et \u00e0 la prise en charge de la crise suicidaire et devenue formatrice en pr\u00e9vention du suicide. Cette th\u00e9matique repr\u00e9sente pour moi un engagement fort. \u00ab\u00a0Parce que nous savons qu&rsquo;une pr\u00e9vention est possible\u00a0\u00bb, j&rsquo;ai en 2012 \u00e9t\u00e9 co-fondatrice puis Pr\u00e9sidente <a class=\"read-more\" href=\"https:\/\/fabiennefaure.fr\/?page_id=185\">READ MORE<\/a><\/p>\n","protected":false},"author":1,"featured_media":0,"parent":0,"menu_order":0,"comment_status":"closed","ping_status":"closed","template":"","meta":{"footnotes":""},"class_list":["post-185","page","type-page","status-publish","hentry"],"_links":{"self":[{"href":"https:\/\/fabiennefaure.fr\/index.php?rest_route=\/wp\/v2\/pages\/185","targetHints":{"allow":["GET"]}}],"collection":[{"href":"https:\/\/fabiennefaure.fr\/index.php?rest_route=\/wp\/v2\/pages"}],"about":[{"href":"https:\/\/fabiennefaure.fr\/index.php?rest_route=\/wp\/v2\/types\/page"}],"author":[{"embeddable":true,"href":"https:\/\/fabiennefaure.fr\/index.php?rest_route=\/wp\/v2\/users\/1"}],"replies":[{"embeddable":true,"href":"https:\/\/fabiennefaure.fr\/index.php?rest_route=%2Fwp%2Fv2%2Fcomments&post=185"}],"version-history":[{"count":48,"href":"https:\/\/fabiennefaure.fr\/index.php?rest_route=\/wp\/v2\/pages\/185\/revisions"}],"predecessor-version":[{"id":950,"href":"https:\/\/fabiennefaure.fr\/index.php?rest_route=\/wp\/v2\/pages\/185\/revisions\/950"}],"wp:attachment":[{"href":"https:\/\/fabiennefaure.fr\/index.php?rest_route=%2Fwp%2Fv2%2Fmedia&parent=185"}],"curies":[{"name":"wp","href":"https:\/\/api.w.org\/{rel}","templated":true}]}}

Prévention du suicide

<blockquote class="wp-block-quote has-text-align-right is-layout-flow wp-block-quote-is-layout-flow">
<p class="has-text-align-right has-medium-font-size"><em>Parce qu&rsquo;une prévention est possible</em></p>
</blockquote>



<div class="wp-block-columns is-layout-flex wp-container-core-columns-is-layout-9d6595d7 wp-block-columns-is-layout-flex">
<div class="wp-block-column is-layout-flow wp-block-column-is-layout-flow" style="flex-basis:33.33%"><div class="wp-block-image">
<figure class="aligncenter size-full is-resized"><img loading="lazy" decoding="async" width="452" height="640" src="https://fabiennefaure.fr/wp-content/uploads/2023/03/JNPS-1.jpg" alt="" class="wp-image-252" style="aspect-ratio:0.70625;width:238px;height:auto" srcset="https://fabiennefaure.fr/wp-content/uploads/2023/03/JNPS-1.jpg 452w, https://fabiennefaure.fr/wp-content/uploads/2023/03/JNPS-1-212x300.jpg 212w" sizes="auto, (max-width: 452px) 100vw, 452px" /></figure>
</div></div>



<div class="wp-block-column is-layout-flow wp-block-column-is-layout-flow" style="flex-basis:66.66%">
<p class="has-small-font-size">En 2013, je me suis formée <strong>au repérage, à l&rsquo;évaluation et à la</strong> <strong>prise en charge de la crise suicidaire</strong> et devenue formatrice en prévention du suicide. Cette thématique représente pour moi un engagement fort.</p>



<p class="has-small-font-size">« Parce que nous savons qu&rsquo;une prévention est possible », j&rsquo;ai en 2012 été co-fondatrice puis Présidente pendant 8 ans de l&rsquo;Association Régionale de Prévention du Suicide en région (PSMP nommée aujourd&rsquo;hui APSoc).</p>



<p class="has-small-font-size">Oser parler de ses pensées suicidaires, ou du fait d&rsquo;être un jour passé(e) à l’acte est très difficile. Tout comme il est difficile d&rsquo;évoquer le fait d’avoir dans son entourage quelqu’un qui s’est suicidé. <strong>Ce sujet génère une angoisse indicible, une immense culpabilité et une incompréhension majeure</strong>.</p>



<p></p>



<p></p>
</div>
</div>



<p class="has-small-font-size">S&rsquo;ajoutent à cela, des croyances populaires selon lesquelles les personnes qui « menacent  » de se suicider ou qui « sous-entendent » vouloir le faire, passent rarement à l’acte. Cette assertion est fausse. En effet, <strong>formuler des propos suicidaires est toujours le signe d&rsquo;une souffrance qu&rsquo;il ne faut pas minimiser.</strong></p>



<p class="has-small-font-size"></p>



<h2 class="wp-block-heading alignfull">Un sujet de société</h2>



<p class="has-small-font-size">Notre société, par le biais des médias, relaient aisément la thématique du suicide chez les jeunes. Le suicide chez les professionnels commencent à être entendu et parfois reconnu. En revanche le fait que cette problématique touche nombre de personnes âgées a encore trop tendance à être relégué aux oubliettes&#8230;</p>



<h2 class="wp-block-heading alignfull">Il y a t-il des facteurs de risque ? </h2>



<p class="has-small-font-size">Les facteurs en cause dans ce qu&rsquo;on appelle la <strong>« crise suicidaire</strong> » sont multiples. Il est très difficile de traduire ici les éléments de ce vécu complexe <strong>que représente la souffrance morale et/ou physique des suicidants, des suicidés et de leur entourage.</strong>&nbsp;</p>



<p class="has-small-font-size">Les facteurs de risques que je vais évoquer ci-dessous sont des « classifications » non-exhaustives et ne doivent pas être lus de façon linéaire car en réalité ces facteurs interagissent entre eux.&nbsp;<strong>Mais, les connaitre permet d’être plus attentifs aux signes avant-coureurs d’un passage à l’acte</strong>.</p>



<p class="has-small-font-size">Cette complexité montre avant tout qu&rsquo;il est essentiel de ne pas rester seul à chercher à résoudre le problème.</p>



<p class="has-small-font-size">Les <strong>facteurs premiers</strong> regroupent <strong>les antécédents</strong> psychiatriques (dépression, troubles de l’humeur&#8230;), les antécédents de suicide (personnels, familiaux), les <strong>verbalisations</strong> ou les <strong>comportements</strong> exprimant l’intention de passer à l’acte, la<strong> personnalité</strong> de la personne et notamment son impulsivité&#8230;</p>



<p class="has-small-font-size"><strong>Les facteurs secondaires</strong> sont essentiellement les <strong>évènements de vie</strong> (les pertes précoces, les abus, la maltraitance), l’isolement social).</p>



<p class="has-small-font-size"><strong>Les facteurs tertiaires</strong> sont liés au genre, à l’âge, et aux périodes de vulnérabilité au cours de la vie. Ils interagissent avec les facteurs primaires et secondaires.</p>



<figure class="wp-block-pullquote has-text-align-right has-small-font-size" style="font-style:normal;font-weight:500"><blockquote><p><em>Cette complexité montre avant tout qu&rsquo;il est essentiel de ne pas rester seul</em></p></blockquote></figure>



<h2 class="wp-block-heading alignfull">Quel est mon rôle en tant que thérapeute ?</h2>



<div class="wp-block-columns is-layout-flex wp-container-core-columns-is-layout-9d6595d7 wp-block-columns-is-layout-flex">
<div class="wp-block-column is-layout-flow wp-block-column-is-layout-flow">
<p class="has-small-font-size">En tant que psychologue, je suis d&rsquo;abord <strong>là pour entendre </strong>une personne en souffrance et/ou ses proches. En effet la première des préventions consiste à<strong> entendre la souffrance, permettre qu&rsquo;elle soit énoncée et, avec elle, les émotions ressenties</strong>. Etre entendu(e) est aussi dans un premier temps une façon de <strong>sortir de l&rsquo;isolement</strong>. </p>



<p class="has-small-font-size">En fonction de la problématique et de mon évaluation en tant que spécialiste, je peux être amenée à <strong>donner des conseils</strong>, voire à <strong>accompagner une personne vers une prise en charge de soin renforcée et éventuellement urgente.</strong></p>



<p class="has-small-font-size">Enfin, mon travail consistera ensuite à proposer <strong>une thérapie complémentaire, </strong>en travaillant sur le sens de la vie, le renforcement des liens sociaux, les représentations et les croyances sur soi, sur autrui, sur le monde&#8230;<br></p>
</div>



<div class="wp-block-column is-layout-flow wp-block-column-is-layout-flow">
<figure class="wp-block-image size-full is-resized"><img loading="lazy" decoding="async" width="423" height="272" src="https://fabiennefaure.fr/wp-content/uploads/2023/03/main-tendue-.png" alt="" class="wp-image-373" style="width:553px;height:356px" srcset="https://fabiennefaure.fr/wp-content/uploads/2023/03/main-tendue-.png 423w, https://fabiennefaure.fr/wp-content/uploads/2023/03/main-tendue--300x193.png 300w" sizes="auto, (max-width: 423px) 100vw, 423px" /></figure>



<blockquote class="wp-block-quote is-layout-flow wp-block-quote-is-layout-flow">
<p class="has-text-align-center has-small-font-size"><strong>Entendre la souffrance, permettre qu&rsquo;elle soit énoncée et avec elle les émotions ressenties est la première prévention</strong></p>
</blockquote>
</div>
</div>



<p class="has-small-font-size">Dans un climat de confiance et une approche bienveillante,  emphatique, en respectant votre temps psychologique, il sera possible de renouer un dialogue avec vous-même, mais aussi avec votre entourage.</p>



<p class="has-medium-font-size"></p>



<figure class="wp-block-embed is-type-video is-provider-youtube wp-block-embed-youtube wp-embed-aspect-16-9 wp-has-aspect-ratio"><div class="wp-block-embed__wrapper">
<iframe loading="lazy" title="Prévention du suicide : Interview de Fabienne Faure" width="837" height="471" src="https://www.youtube.com/embed/1qVlDvTs2j0?start=360&#038;feature=oembed" frameborder="0" allow="accelerometer; autoplay; clipboard-write; encrypted-media; gyroscope; picture-in-picture; web-share" allowfullscreen></iframe>
</div></figure>

<p>Parce qu&rsquo;une prévention est possible En 2013, je me suis formée au repérage, à l&rsquo;évaluation et à la prise en charge de la crise suicidaire et devenue formatrice en prévention du suicide. Cette thématique représente pour moi un engagement fort. « Parce que nous savons qu&rsquo;une prévention est possible », j&rsquo;ai en 2012 été co-fondatrice puis Présidente <a class="read-more" href="https://fabiennefaure.fr/?page_id=185">READ MORE</a></p>
