{"id":245,"date":"2023-03-12T18:47:02","date_gmt":"2023-03-12T17:47:02","guid":{"rendered":"https:\/\/fabiennefaure.fr\/?page_id=245"},"modified":"2023-12-04T16:05:03","modified_gmt":"2023-12-04T15:05:03","slug":"le-premier-rendez-vous-avec-une-psychologue-et-laccompagnement","status":"publish","type":"page","link":"https:\/\/fabiennefaure.fr\/?page_id=245","title":{"rendered":"Le premier rendez-vous avec une psychologue et l&rsquo;accompagnement"},"content":{"rendered":"\n<p class=\"has-small-font-size\">Lors de cette premi\u00e8re rencontre nous prendrons le temps de faire tranquillement connaissance. Je vous inviterai \u00e0 me dire ce qui vous am\u00e8ne \u00e0 moi : votre situation actuelle, vos difficult\u00e9s&#8230; Je me pr\u00e9senterai \u00e9galement \u00e0 vous : mon parcours et ma fa\u00e7on de travailler. Je r\u00e9pondrai \u00e0 vos questions sur ma formation,  mon exp\u00e9rience et mon r\u00f4le en tant que th\u00e9rapeute&#8230;<\/p>\n\n\n\n<p class=\"has-small-font-size\">Ce moment est tr\u00e8s important car il permet d&rsquo;<strong>installer la confiance<\/strong>. La confiance est au coeur de la relation th\u00e9rapeutique. Celle-ci permet de construire un cadre qui vous permettra de \u00ab\u00a0tout dire\u00a0\u00bb : vos difficult\u00e9s, vos \u00e9motions, votre souffrance, vos peurs, mais aussi vos r\u00eaves. C&rsquo;est une relation o\u00f9 il est possible de se sentir fragile, d\u00e9muni(e), en col\u00e8re. Mais c&rsquo;est aussi l&rsquo;endroit o\u00f9 on peut exprimer son d\u00e9sir de vie et de changement. <\/p>\n\n\n\n<p class=\"has-small-font-size\">La confiance se construit au fil des rencontres. Une relation th\u00e9rapeutique permet de faire l&rsquo;exp\u00e9rience de ce que j&rsquo;appelle \u00ab\u00a0<strong>la pr\u00e9sence r\u00e9elle du th\u00e9rapeute<\/strong>\u00a0\u00bb : quelqu&rsquo;un qui est l\u00e0, pour vous, avec vous.<\/p>\n\n\n\n<p class=\"has-small-font-size\">Cette relation s&rsquo;appuie sur des r\u00e8gles pr\u00e9cises qui encadrent ma profession :  <strong>la bienveillance<\/strong>, le <strong>non-jugement<\/strong> et le <strong>secret professionnel<\/strong>. Votre venue, ainsi que tout ce que vous aurez \u00e9voqu\u00e9 avec moi, seront strictement confidentiels.  <\/p>\n\n\n\n<h2 class=\"wp-block-heading has-medium-font-size\"><strong>Est ce qu&rsquo;un accompagnement prend du temps?<\/strong> <\/h2>\n\n\n\n<p class=\"has-small-font-size\">Si on se dit que \u00ab\u00a0<em>Cela va prendre du temps<\/em>\u00ab\u00a0, alors oui \u00e7a risque de prendre du temps&#8230; De m\u00eame, si on se dit \u00ab\u00a0cela ne va pas marcher\u00a0\u00bb alors il y a des risques pour qu&rsquo;on construise soi-m\u00eame les conditions qui font que cela ne va pas marcher&#8230; Mon exp\u00e9rience est que certaines questions peuvent effectivement mettre du temps a \u00eatre d\u00e9nou\u00e9es. Mais aussi que qu&rsquo;un all\u00e8gement, un soulagement de la souffrance peut arriver assez rapidement. Notamment en associant la Sophrologie \u00e0 la th\u00e9rapie par la parole. En effet en introduisant des techniques qui passent par le corps, le th\u00e9rapeute peut provoquer une acc\u00e9l\u00e9ration de la dynamique du changement.<\/p>\n\n\n\n<blockquote class=\"wp-block-quote is-layout-flow wp-block-quote-is-layout-flow\">\n<p class=\"has-text-align-right has-medium-font-size\">Chacun est libre d&rsquo;aller jusqu&rsquo;au point o\u00f9 il veut aller<\/p>\n<\/blockquote>\n\n\n\n<p class=\"has-small-font-size\">Et c&rsquo;est aussi \u00e0 chacun de d\u00e9cider librement du point o\u00f9 il veut aller. Pour autant lorsqu&rsquo;on a envie que les choses se passent autrement pour nous, lorsqu&rsquo;on a envie de changer, <strong>se donner le temps est aussi une fa\u00e7on de se donner de la valeur<\/strong>. <\/p>\n\n\n\n<p class=\"has-small-font-size\">Il faut souvent respecter 3 temps : <\/p>\n\n\n\n<ul class=\"wp-block-list\">\n<li>Le <strong>temps de voir <\/strong>ce qui vous arrive <\/li>\n<\/ul>\n\n\n\n<ul class=\"wp-block-list\">\n<li>Le <strong>temps pour comprendre<\/strong> : par exemple pour d\u00e9construire des croyances n\u00e9gatives qu&rsquo;on a sur soi<\/li>\n<\/ul>\n\n\n\n<ul class=\"wp-block-list\">\n<li>Puis le temps pour <strong>d\u00e9cider, agir ou se repositionner diff\u00e9remment <\/strong> <\/li>\n<\/ul>\n\n\n\n<blockquote class=\"wp-block-quote is-layout-flow wp-block-quote-is-layout-flow\">\n<p class=\"has-text-align-right has-medium-font-size\">Ralentir pour se permettre de ressentir <\/p>\n<\/blockquote>\n\n\n\n<p class=\"has-small-font-size\">Mais dans un premier temps, il s&rsquo;agira de ralentir. <strong>Ralentir pour se permettre de ressentir<\/strong>, se mettre \u00e0 l&rsquo;\u00e9coute de ce qui se passe en vous. Et c&rsquo;est d&rsquo;abord ce temps que nous prendrons ensemble.<\/p>\n\n\n\n<p class=\"has-small-font-size\">Associ\u00e9 au travail avec un(e) psychologue, d&rsquo;autres d\u00e9marches peuvent aussi \u00eatre mises en place pour aller mieux. Reprendre soin de soi peut passer par diff\u00e9rentes d\u00e9marches comme : faire du sport, marcher, repenser son alimentation, sortir de l&rsquo;isolement social, engager une d\u00e9marche de soin sp\u00e9cialis\u00e9&#8230; Vous soutenir dans ces autres d\u00e9marches fait aussi partie de mon approche. <\/p>\n\n\n\n<p class=\"has-small-font-size\">Enfin, gr\u00e2ce aux outils de la Sophrologie notamment, j&rsquo;aurai \u00e0 coeur de vous transmettre des techniques pour devenir autonome par rapport \u00e0 votre bien-\u00eatre. <\/p>\n","protected":false},"excerpt":{"rendered":"<p>Lors de cette premi\u00e8re rencontre nous prendrons le temps de faire tranquillement connaissance. Je vous inviterai \u00e0 me dire ce qui vous am\u00e8ne \u00e0 moi : votre situation actuelle, vos difficult\u00e9s&#8230; Je me pr\u00e9senterai \u00e9galement \u00e0 vous : mon parcours et ma fa\u00e7on de travailler. Je r\u00e9pondrai \u00e0 vos questions sur ma formation, mon exp\u00e9rience <a class=\"read-more\" href=\"https:\/\/fabiennefaure.fr\/?page_id=245\">READ MORE<\/a><\/p>\n","protected":false},"author":1,"featured_media":0,"parent":0,"menu_order":0,"comment_status":"closed","ping_status":"closed","template":"","meta":{"footnotes":""},"class_list":["post-245","page","type-page","status-publish","hentry"],"_links":{"self":[{"href":"https:\/\/fabiennefaure.fr\/index.php?rest_route=\/wp\/v2\/pages\/245","targetHints":{"allow":["GET"]}}],"collection":[{"href":"https:\/\/fabiennefaure.fr\/index.php?rest_route=\/wp\/v2\/pages"}],"about":[{"href":"https:\/\/fabiennefaure.fr\/index.php?rest_route=\/wp\/v2\/types\/page"}],"author":[{"embeddable":true,"href":"https:\/\/fabiennefaure.fr\/index.php?rest_route=\/wp\/v2\/users\/1"}],"replies":[{"embeddable":true,"href":"https:\/\/fabiennefaure.fr\/index.php?rest_route=%2Fwp%2Fv2%2Fcomments&post=245"}],"version-history":[{"count":28,"href":"https:\/\/fabiennefaure.fr\/index.php?rest_route=\/wp\/v2\/pages\/245\/revisions"}],"predecessor-version":[{"id":979,"href":"https:\/\/fabiennefaure.fr\/index.php?rest_route=\/wp\/v2\/pages\/245\/revisions\/979"}],"wp:attachment":[{"href":"https:\/\/fabiennefaure.fr\/index.php?rest_route=%2Fwp%2Fv2%2Fmedia&parent=245"}],"curies":[{"name":"wp","href":"https:\/\/api.w.org\/{rel}","templated":true}]}}

<p class="has-small-font-size">Lors de cette première rencontre nous prendrons le temps de faire tranquillement connaissance. Je vous inviterai à me dire ce qui vous amène à moi : votre situation actuelle, vos difficultés&#8230; Je me présenterai également à vous : mon parcours et ma façon de travailler. Je répondrai à vos questions sur ma formation,  mon expérience et mon rôle en tant que thérapeute&#8230;</p>



<p class="has-small-font-size">Ce moment est très important car il permet d&rsquo;<strong>installer la confiance</strong>. La confiance est au coeur de la relation thérapeutique. Celle-ci permet de construire un cadre qui vous permettra de « tout dire » : vos difficultés, vos émotions, votre souffrance, vos peurs, mais aussi vos rêves. C&rsquo;est une relation où il est possible de se sentir fragile, démuni(e), en colère. Mais c&rsquo;est aussi l&rsquo;endroit où on peut exprimer son désir de vie et de changement. </p>



<p class="has-small-font-size">La confiance se construit au fil des rencontres. Une relation thérapeutique permet de faire l&rsquo;expérience de ce que j&rsquo;appelle « <strong>la présence réelle du thérapeute</strong> » : quelqu&rsquo;un qui est là, pour vous, avec vous.</p>



<p class="has-small-font-size">Cette relation s&rsquo;appuie sur des règles précises qui encadrent ma profession :  <strong>la bienveillance</strong>, le <strong>non-jugement</strong> et le <strong>secret professionnel</strong>. Votre venue, ainsi que tout ce que vous aurez évoqué avec moi, seront strictement confidentiels.  </p>



<h2 class="wp-block-heading has-medium-font-size"><strong>Est ce qu&rsquo;un accompagnement prend du temps?</strong> </h2>



<p class="has-small-font-size">Si on se dit que « <em>Cela va prendre du temps</em>« , alors oui ça risque de prendre du temps&#8230; De même, si on se dit « cela ne va pas marcher » alors il y a des risques pour qu&rsquo;on construise soi-même les conditions qui font que cela ne va pas marcher&#8230; Mon expérience est que certaines questions peuvent effectivement mettre du temps a être dénouées. Mais aussi que qu&rsquo;un allègement, un soulagement de la souffrance peut arriver assez rapidement. Notamment en associant la Sophrologie à la thérapie par la parole. En effet en introduisant des techniques qui passent par le corps, le thérapeute peut provoquer une accélération de la dynamique du changement.</p>



<blockquote class="wp-block-quote is-layout-flow wp-block-quote-is-layout-flow">
<p class="has-text-align-right has-medium-font-size">Chacun est libre d&rsquo;aller jusqu&rsquo;au point où il veut aller</p>
</blockquote>



<p class="has-small-font-size">Et c&rsquo;est aussi à chacun de décider librement du point où il veut aller. Pour autant lorsqu&rsquo;on a envie que les choses se passent autrement pour nous, lorsqu&rsquo;on a envie de changer, <strong>se donner le temps est aussi une façon de se donner de la valeur</strong>. </p>



<p class="has-small-font-size">Il faut souvent respecter 3 temps : </p>



<ul class="wp-block-list">
<li>Le <strong>temps de voir </strong>ce qui vous arrive </li>
</ul>



<ul class="wp-block-list">
<li>Le <strong>temps pour comprendre</strong> : par exemple pour déconstruire des croyances négatives qu&rsquo;on a sur soi</li>
</ul>



<ul class="wp-block-list">
<li>Puis le temps pour <strong>décider, agir ou se repositionner différemment </strong> </li>
</ul>



<blockquote class="wp-block-quote is-layout-flow wp-block-quote-is-layout-flow">
<p class="has-text-align-right has-medium-font-size">Ralentir pour se permettre de ressentir </p>
</blockquote>



<p class="has-small-font-size">Mais dans un premier temps, il s&rsquo;agira de ralentir. <strong>Ralentir pour se permettre de ressentir</strong>, se mettre à l&rsquo;écoute de ce qui se passe en vous. Et c&rsquo;est d&rsquo;abord ce temps que nous prendrons ensemble.</p>



<p class="has-small-font-size">Associé au travail avec un(e) psychologue, d&rsquo;autres démarches peuvent aussi être mises en place pour aller mieux. Reprendre soin de soi peut passer par différentes démarches comme : faire du sport, marcher, repenser son alimentation, sortir de l&rsquo;isolement social, engager une démarche de soin spécialisé&#8230; Vous soutenir dans ces autres démarches fait aussi partie de mon approche. </p>



<p class="has-small-font-size">Enfin, grâce aux outils de la Sophrologie notamment, j&rsquo;aurai à coeur de vous transmettre des techniques pour devenir autonome par rapport à votre bien-être. </p>

<p>Lors de cette première rencontre nous prendrons le temps de faire tranquillement connaissance. Je vous inviterai à me dire ce qui vous amène à moi : votre situation actuelle, vos difficultés&#8230; Je me présenterai également à vous : mon parcours et ma façon de travailler. Je répondrai à vos questions sur ma formation, mon expérience <a class="read-more" href="https://fabiennefaure.fr/?page_id=245">READ MORE</a></p>
