{"id":798,"date":"2023-04-23T13:20:39","date_gmt":"2023-04-23T11:20:39","guid":{"rendered":"https:\/\/fabiennefaure.fr\/?page_id=798"},"modified":"2023-12-04T16:08:14","modified_gmt":"2023-12-04T15:08:14","slug":"fabienne-faure-psychologue-clinicienne","status":"publish","type":"page","link":"https:\/\/fabiennefaure.fr\/?page_id=798","title":{"rendered":"Psychologue Clinicienne"},"content":{"rendered":"\n<div class=\"wp-block-columns is-layout-flex wp-container-core-columns-is-layout-9d6595d7 wp-block-columns-is-layout-flex\">\n<div class=\"wp-block-column is-layout-flow wp-block-column-is-layout-flow\" style=\"flex-basis:66.66%\">\n<p>Mon approche psychoth\u00e9rapeutique int\u00e8gre plusieurs courants th\u00e9oriques de la psychologie dont\u00a0<strong>l\u2019approche psychanalytique\u00a0<\/strong>\u00e0 laquelle j\u2019ai \u00e9t\u00e9 form\u00e9e. Cette approche qui permet d\u2019appr\u00e9hender le fonctionnement du psychisme humain reste mon socle de r\u00e9f\u00e9rence.\u00a0<\/p>\n\n\n\n<p>Pour autant, le mod\u00e8le psychanalytique n\u2019est pas exhaustif et d\u2019autres approches et recherches \u2013 notamment dans le domaine des neuro-sciences \u2013 ont beaucoup apport\u00e9 \u00e0 la connaissance et \u00e0 la pratique th\u00e9rapeutique ces derni\u00e8res ann\u00e9es. Aussi j\u2019ai trouv\u00e9 indispensable d\u2019enrichir ma pratique clinique avec d&rsquo;autres propositions th\u00e9rapeutiques.&nbsp;<\/p>\n\n\n\n<p>Aujourd\u2019hui, mon travail se rapproche donc plus de ce qu\u2019on appelle<strong>&nbsp;la psychoth\u00e9rapie int\u00e9grative<\/strong>&nbsp;car elle s\u2019ouvre aux techniques compl\u00e9mentaires. Cela me permet de travailler \u00e0 plusieurs niveaux et donne ainsi plus de souplesse au travail de psychoth\u00e9rapie.<\/p>\n\n\n\n<p>Cette approche int\u00e9grative favorise \u00e9galement le d\u00e9cloisonnement des pratiques et le travail avec d\u2019autres professionnels.<\/p>\n\n\n\n<p>L&rsquo;association de mes diff\u00e9rentes connaissances me permet donc de vous proposer un <strong>accueil personnalis\u00e9<\/strong>, c\u2019est \u00e0 dire&nbsp;qui tient compte de votre personnalit\u00e9 et des probl\u00e9matiques que vous rencontrez&nbsp;dans le respect de votre int\u00e9grit\u00e9 et de votre temporalit\u00e9.<\/p>\n\n\n\n<p>En tant que psycho-th\u00e9rapeute, mon r\u00f4le consiste \u00e0 vous aider \u00e0 donner du sens \u00e0 ce que vous vivez, \u00e0 ce que vous ressentez mais \u00e9galement \u00e0 vous guider pour que vous vous connectiez \u00e0 votre histoire, \u00e0 votre monde int\u00e9rieur mais aussi \u00e0 vos pr\u00e9cieuses ressources.&nbsp;C\u2019est autant un travail d\u2019approfondissement que d\u2019ouverture.<\/p>\n\n\n\n<p>En verbalisant son histoire et ses \u00e9motions dans une relation th\u00e9rapeutique, le patient vit&nbsp;<strong>une exp\u00e9rience \u00e9motionnelle qui peut \u00eatre \u00ab&nbsp;correctrice&nbsp;\u00bb<\/strong>&nbsp;au sens o\u00f9 elle vise \u00e0 \u00ab&nbsp;r\u00e9parer&nbsp;\u00bb les effets des traumatismes qu\u2019il a pu vivre par le pass\u00e9.<\/p>\n\n\n\n<p>Parfois il est difficile de se rem\u00e9morer ou de trouver les mots pour le dire. Parfois aussi la place de certaines manifestations comme l\u2019anxi\u00e9t\u00e9 ou la d\u00e9pression n\u00e9cessite d\u2019agir \u00e0 plusieurs niveaux.<\/p>\n\n\n\n<p>C\u2019est notamment l\u00e0 que j\u2019ai trouv\u00e9 interessant de faire appel \u00e0 des techniques compl\u00e9mentaires \u00e0 ce que Freud appelait la \u00ab&nbsp;talking cure&nbsp;\u00bb (la cure par la parole). Ces techniques facilitent entre autre la d\u00e9tente, l\u2019acc\u00e8s au corps, aux \u00e9motions et \u00e0 la r\u00eaverie.<\/p>\n\n\n\n<p>Ces am\u00e9nagements apportent une modification de la dynamique relationnelle patient-th\u00e9rapeute. Le psychoth\u00e9rapeute a une part plus active dans le traitement que celle octroy\u00e9e par la psychanalyse par exemple, tout en restant neutre, bienveillant et loin de toute tentative de moralisation.<\/p>\n\n\n\n<p>La psychoth\u00e9rapie int\u00e9grative utilise \u00e9galement des techniques visant \u00e0 apaiser l\u2019anxi\u00e9t\u00e9 et apporter&nbsp;le soulagement de la souffrance d\u00e9pressive du patient.<\/p>\n\n\n\n<p>Le psychoth\u00e9rapeute peut \u00e9galement avoir recours \u00e0 des actions visant \u00e0 modifier les conditions de vie r\u00e9elles du patient. Il peut entre autre planifier les actions th\u00e9rapeutiques et les traitements sp\u00e9cifiques. Il peut aussi se focaliser successivement sur des secteurs particuliers de la vie du patient (sa sant\u00e9 physique, sa vie sociale, professionnelle\u2026)<\/p>\n<\/div>\n\n\n\n<div class=\"wp-block-column is-layout-flow wp-block-column-is-layout-flow\" style=\"flex-basis:33.33%\">\n<figure class=\"wp-block-image size-full is-style-rounded\"><img loading=\"lazy\" decoding=\"async\" width=\"768\" height=\"1024\" src=\"https:\/\/fabiennefaure.fr\/wp-content\/uploads\/2023\/03\/fa-mars-23-no2-copie-Modifie.png\" alt=\"Fabienne Faure\" class=\"wp-image-512\" srcset=\"https:\/\/fabiennefaure.fr\/wp-content\/uploads\/2023\/03\/fa-mars-23-no2-copie-Modifie.png 768w, https:\/\/fabiennefaure.fr\/wp-content\/uploads\/2023\/03\/fa-mars-23-no2-copie-Modifie-225x300.png 225w\" sizes=\"auto, (max-width: 768px) 100vw, 768px\" \/><\/figure>\n<\/div>\n<\/div>\n","protected":false},"excerpt":{"rendered":"<p>Mon approche psychoth\u00e9rapeutique int\u00e8gre plusieurs courants th\u00e9oriques de la psychologie dont\u00a0l\u2019approche psychanalytique\u00a0\u00e0 laquelle j\u2019ai \u00e9t\u00e9 form\u00e9e. Cette approche qui permet d\u2019appr\u00e9hender le fonctionnement du psychisme humain reste mon socle de r\u00e9f\u00e9rence.\u00a0 Pour autant, le mod\u00e8le psychanalytique n\u2019est pas exhaustif et d\u2019autres approches et recherches \u2013 notamment dans le domaine des neuro-sciences \u2013 ont beaucoup apport\u00e9 <a class=\"read-more\" href=\"https:\/\/fabiennefaure.fr\/?page_id=798\">READ MORE<\/a><\/p>\n","protected":false},"author":1,"featured_media":0,"parent":0,"menu_order":0,"comment_status":"closed","ping_status":"closed","template":"","meta":{"footnotes":""},"class_list":["post-798","page","type-page","status-publish","hentry"],"_links":{"self":[{"href":"https:\/\/fabiennefaure.fr\/index.php?rest_route=\/wp\/v2\/pages\/798","targetHints":{"allow":["GET"]}}],"collection":[{"href":"https:\/\/fabiennefaure.fr\/index.php?rest_route=\/wp\/v2\/pages"}],"about":[{"href":"https:\/\/fabiennefaure.fr\/index.php?rest_route=\/wp\/v2\/types\/page"}],"author":[{"embeddable":true,"href":"https:\/\/fabiennefaure.fr\/index.php?rest_route=\/wp\/v2\/users\/1"}],"replies":[{"embeddable":true,"href":"https:\/\/fabiennefaure.fr\/index.php?rest_route=%2Fwp%2Fv2%2Fcomments&post=798"}],"version-history":[{"count":7,"href":"https:\/\/fabiennefaure.fr\/index.php?rest_route=\/wp\/v2\/pages\/798\/revisions"}],"predecessor-version":[{"id":981,"href":"https:\/\/fabiennefaure.fr\/index.php?rest_route=\/wp\/v2\/pages\/798\/revisions\/981"}],"wp:attachment":[{"href":"https:\/\/fabiennefaure.fr\/index.php?rest_route=%2Fwp%2Fv2%2Fmedia&parent=798"}],"curies":[{"name":"wp","href":"https:\/\/api.w.org\/{rel}","templated":true}]}}

<div class="wp-block-columns is-layout-flex wp-container-core-columns-is-layout-9d6595d7 wp-block-columns-is-layout-flex">
<div class="wp-block-column is-layout-flow wp-block-column-is-layout-flow" style="flex-basis:66.66%">
<p>Mon approche psychothérapeutique intègre plusieurs courants théoriques de la psychologie dont <strong>l’approche psychanalytique </strong>à laquelle j’ai été formée. Cette approche qui permet d’appréhender le fonctionnement du psychisme humain reste mon socle de référence. </p>



<p>Pour autant, le modèle psychanalytique n’est pas exhaustif et d’autres approches et recherches – notamment dans le domaine des neuro-sciences – ont beaucoup apporté à la connaissance et à la pratique thérapeutique ces dernières années. Aussi j’ai trouvé indispensable d’enrichir ma pratique clinique avec d&rsquo;autres propositions thérapeutiques.&nbsp;</p>



<p>Aujourd’hui, mon travail se rapproche donc plus de ce qu’on appelle<strong>&nbsp;la psychothérapie intégrative</strong>&nbsp;car elle s’ouvre aux techniques complémentaires. Cela me permet de travailler à plusieurs niveaux et donne ainsi plus de souplesse au travail de psychothérapie.</p>



<p>Cette approche intégrative favorise également le décloisonnement des pratiques et le travail avec d’autres professionnels.</p>



<p>L&rsquo;association de mes différentes connaissances me permet donc de vous proposer un <strong>accueil personnalisé</strong>, c’est à dire&nbsp;qui tient compte de votre personnalité et des problématiques que vous rencontrez&nbsp;dans le respect de votre intégrité et de votre temporalité.</p>



<p>En tant que psycho-thérapeute, mon rôle consiste à vous aider à donner du sens à ce que vous vivez, à ce que vous ressentez mais également à vous guider pour que vous vous connectiez à votre histoire, à votre monde intérieur mais aussi à vos précieuses ressources.&nbsp;C’est autant un travail d’approfondissement que d’ouverture.</p>



<p>En verbalisant son histoire et ses émotions dans une relation thérapeutique, le patient vit&nbsp;<strong>une expérience émotionnelle qui peut être «&nbsp;correctrice&nbsp;»</strong>&nbsp;au sens où elle vise à «&nbsp;réparer&nbsp;» les effets des traumatismes qu’il a pu vivre par le passé.</p>



<p>Parfois il est difficile de se remémorer ou de trouver les mots pour le dire. Parfois aussi la place de certaines manifestations comme l’anxiété ou la dépression nécessite d’agir à plusieurs niveaux.</p>



<p>C’est notamment là que j’ai trouvé interessant de faire appel à des techniques complémentaires à ce que Freud appelait la «&nbsp;talking cure&nbsp;» (la cure par la parole). Ces techniques facilitent entre autre la détente, l’accès au corps, aux émotions et à la rêverie.</p>



<p>Ces aménagements apportent une modification de la dynamique relationnelle patient-thérapeute. Le psychothérapeute a une part plus active dans le traitement que celle octroyée par la psychanalyse par exemple, tout en restant neutre, bienveillant et loin de toute tentative de moralisation.</p>



<p>La psychothérapie intégrative utilise également des techniques visant à apaiser l’anxiété et apporter&nbsp;le soulagement de la souffrance dépressive du patient.</p>



<p>Le psychothérapeute peut également avoir recours à des actions visant à modifier les conditions de vie réelles du patient. Il peut entre autre planifier les actions thérapeutiques et les traitements spécifiques. Il peut aussi se focaliser successivement sur des secteurs particuliers de la vie du patient (sa santé physique, sa vie sociale, professionnelle…)</p>
</div>



<div class="wp-block-column is-layout-flow wp-block-column-is-layout-flow" style="flex-basis:33.33%">
<figure class="wp-block-image size-full is-style-rounded"><img loading="lazy" decoding="async" width="768" height="1024" src="https://fabiennefaure.fr/wp-content/uploads/2023/03/fa-mars-23-no2-copie-Modifie.png" alt="Fabienne Faure" class="wp-image-512" srcset="https://fabiennefaure.fr/wp-content/uploads/2023/03/fa-mars-23-no2-copie-Modifie.png 768w, https://fabiennefaure.fr/wp-content/uploads/2023/03/fa-mars-23-no2-copie-Modifie-225x300.png 225w" sizes="auto, (max-width: 768px) 100vw, 768px" /></figure>
</div>
</div>

<p>Mon approche psychothérapeutique intègre plusieurs courants théoriques de la psychologie dont l’approche psychanalytique à laquelle j’ai été formée. Cette approche qui permet d’appréhender le fonctionnement du psychisme humain reste mon socle de référence.  Pour autant, le modèle psychanalytique n’est pas exhaustif et d’autres approches et recherches – notamment dans le domaine des neuro-sciences – ont beaucoup apporté <a class="read-more" href="https://fabiennefaure.fr/?page_id=798">READ MORE</a></p>
